of -l**3/3 + 11*l**2/2 + 8*l - 2. What is the tens digit of s(x)?
1
Let d(i) = 124*i - 36. What is the tens digit of d(3)?
3
Let s(v) be the second derivative of -19*v**5/10 - v**4/12 - v**3/2 - v**2 - 2*v. What is the tens digit of s(-1)?
3
Suppose -j + 2*b + 54 = -0*j, j - 3*b - 59 = 0. Suppose -2*c + 4*c = j. What is the units digit of c?
2
Suppose 2*a = 5*z - 6, -12 = -0*z + 2*z + 4*a. Let l(j) = j**3 + j**2 + 9. Let n be l(z). What is the tens digit of (n/12)/((-2)/(-32))?
1
Let x(g) be the first derivative of -9*g**4/4 + g**3/3 - g + 1. Let t(u) = -u**2 - u - 1. Let v be t(-1). What is the units digit of x(v)?
9
Let z = -64 - -214. What is the units digit of z?
0
Suppose 4*d = -2*p + 56, 0 = 3*p - 10*d + 5*d - 40. Let u be 192/p - 4/(-10). Suppose u = 5*f + 2*g, -3*g = f - 7*g - 24. What is the units digit of f?
4
Let l = 78 - 42. What is the units digit of l?
6
Suppose -5*f = -3 - 17. Suppose 3*c - f = 2. Suppose -1 - 3 = -c*a. What is the units digit of a?
2
Suppose 3*d = i - 4, 6*i - 4*d = 3*i + 12. Let z(n) = 3*n - 6*n - 5 + 6*n. What is the units digit of z(i)?
7
Let u(s) = -s**2 + 9. Let j be u(0). Suppose d - j = -0. What is the units digit of d?
9
Let j(d) = -d - 5. Let t be j(-5). Let b(h) = 2*h**2 - 3*h - 3. Let f be b(-2). Suppose t = 3*m - f - 4. What is the units digit of m?
5
Let m(o) = -o + 6. Suppose -21 = l - 3*i, l + 2*i = -3*l - 70. Let c be (-86)/l - 4/(-18). What is the units digit of m(c)?
1
Let x(j) = -j**3 + 4*j**2 + 2*j + 1. Let k be x(4). Suppose 0 = 4*w - 27 - k. What is the units digit of w?
9
Let t = -18 + 36. What is the units digit of t?
8
Suppose -4*n = -1 - 11. Suppose -b - n*b + 28 = 0. Let f = 12 - b. What is the units digit of f?
5
Let s = 16 + -11. Suppose -5*f = 3*o + 1, -4*f - 23 = -s*o - 0*o. Suppose 0 = -b - 0*w - 5*w - 14, o*w = -4*b - 5. What is the units digit of b?
1
Suppose -6*u + 11*u = -40. What is the units digit of 60/u*(-12)/9?
0
Let k be 285/(-6) + (-1)/2. Let m be (-4)/22 - k/22. Let t(o) = o**2 + 2*o - 3. What is the units digit of t(m)?
5
Suppose -757 = -6*h + 179. What is the tens digit of h?
5
Let p(d) = -d**3 + 0 + 0 - 3*d + 3 + 12*d**3 - 2*d**2. Let s be p(2). Suppose 0 = -7*j + 2*j + 4*c + s, j - 3*c = 11. What is the tens digit of j?
1
Let s = 8 - 8. Suppose s = 5*u + 4*v - 39 - 31, -3*u + 42 = 5*v. What is the tens digit of u?
1
Let m(n) be the second derivative of -n**6/720 + 19*n**5/120 - n**4/4 + 3*n. Let z(i) be the third derivative of m(i). What is the units digit of z(8)?
1
Let c(y) = -y - 11. Suppose k + 5 = -1. Let u be c(k). Let p = u + 14. What is the units digit of p?
9
Let q(m) = -m**2 - 11*m - 5. Let o be q(-9). Suppose 3*n - 38 = o. What is the tens digit of n?
1
Let h(b) = 5*b**2 + 3*b - 4. Let q be h(4). What is the tens digit of ((-1)/4)/((-2)/q)?
1
Let p = -147 - -293. What is the tens digit of p?
4
Suppose 3*d - 122 = -5*l, -5*l + d + 26 = -100. What is the tens digit of l?
2
Suppose -2*j = -t + 22, 7*j - 4*j + 3 = 0. Suppose -4*f + t = -8. What is the units digit of f?
7
Let c = 3 + -8. Let p = c - -8. Suppose -2*r = -5*y + 3, r - p*r + 4*y - 2 = 0. What is the units digit of r?
1
Let h be 4*-2*(-3)/12. Let j = h + -3. Let z(y) = 9*y**2 - 2*y - 1. What is the units digit of z(j)?
0
Suppose 10 = t + 2*t + a, 2 = -a. Let f = t + 2. What is the units digit of f?
6
What is the units digit of 3 + 12 + -2 + 0?
3
Let s(f) = 2*f + 20. Let q be s(0). Let k = q + 32. What is the tens digit of k?
5
Let m(b) = -b + 4. Let t be m(0). Suppose 4*d - 27 = -k, -t*d - 52 = -5*k + 107. What is the tens digit of k?
3
Suppose -c + 4*x + 2 + 14 = 0, c + 2*x = 28. Let g = c + -17. What is the units digit of g?
7
What is the tens digit of -4 + 5 - -2*10?
2
Let h = 7 - 3. Let a(x) = -x - 4 + 5 + h. What is the units digit of a(4)?
1
Suppose -4*i = 2*h - 4, -i - 4*i + 10 = 5*h. Let g(o) = -o + 8. Let n be g(6). Suppose l - 8 + n = i. What is the units digit of l?
6
Let t = 6 - 3. Suppose h + 4*w + 20 = 0, 0 = -2*h + t*h - 2*w + 2. What is the tens digit of h/28 + 172/14?
1
Let k(y) = 2*y**3 - 5*y**2 + 2*y - 1. What is the units digit of k(3)?
4
Let b = 29 + -21. Suppose b = k + k. What is the units digit of k?
4
Suppose 231 = 5*l - 2*l. What is the tens digit of l?
7
Let s be 2/10 + (-48)/(-10). Suppose 0 = s*c - 2*c - 27. What is the units digit of c?
9
Suppose 3*z + 2*w + 14 = -2*w, -11 = 2*z + 3*w. Suppose 3 - 2 = q - 2*s, -2*q + z = -2*s. What is the units digit of q?
1
Suppose g = -4*j - 10 + 123, -4*g - 80 = -3*j. What is the tens digit of j?
2
Let l(a) = a - 11. Let i be l(9). Let k = 3 + 0. What is the units digit of (i/5)/(k/(-15))?
2
Let p be 8/(-12)*18/(-4). What is the units digit of 16/(-24) - (-62)/p?
0
Suppose -38 = -5*j + 82. Let c = 54 - j. What is the units digit of c?
0
Let g(j) = j**3 - 9*j**2 + 5. Let k be g(9). Let h(a) = -a**2 + 5*a + 1. What is the units digit of h(k)?
1
Let v(q) = 2*q + 4. Suppose 17 = 5*b - 3. Let p be v(b). Suppose 5*d = 23 + p. What is the units digit of d?
7
Suppose -11*d + 14*d = 102. What is the tens digit of d?
3
Suppose q = 3*q - 10. Suppose 4*s = -k + q, 0 = -0*k - 2*k + 2*s + 20. Let r = k - 6. What is the units digit of r?
3
Let j be (-2)/8 - (-189)/4. Suppose -4*q + 19 = -2*a - j, 48 = 3*q - a. What is the units digit of (4/(-6))/((-10)/q)?
1
Suppose 23 - 7 = s. What is the units digit of s?
6
Let f be -30*(6 + -3 + -2). Let v be (-21)/3*f/(-7). Let u = -19 - v. What is the tens digit of u?
1
Let o = -5 - -8. Let n = -1 + 1. Suppose n = -o*j - 3, 24 = 3*i + 3*j + 6. What is the units digit of i?
7
Suppose 3*o - h = h + 416, 557 = 4*o - 5*h. What is the units digit of o?
8
Suppose 4*x - 518 = -3*x. What is the tens digit of x?
7
Let p(s) be the second derivative of s**5/20 + s**4/12 + s**3/6 + 3*s**2 + s. Let y = -1 - -1. What is the units digit of p(y)?
6
Let q be 2 - 26/2*1. Let p = q - -24. What is the tens digit of p?
1
Let o be (2/(-6) + -2)*-12. Let a be 48/o - (-4)/14. Let g = 3 - a. What is the units digit of g?
1
Let o(i) = -8*i**3 - 2 + i**2 + 7*i**3 + 2*i - 2*i**2. Let a be o(-3). Suppose -a = -w - w. What is the units digit of w?
5
Let j be 17/2 + 3/(-6). Let z(k) = 2*k**2 + j*k - 8 - 5*k**2 + 2*k**2. What is the units digit of z(6)?
4
Let h = -6 - -1. Let f(v) = v**2 - 2*v - 5*v - v**2 - 4 - v**2. What is the units digit of f(h)?
6
What is the units digit of (7 - 11) + (3 - (-54)/1)?
3
Let x(k) = -60*k - 1. What is the tens digit of x(-1)?
5
Let r(w) = -7*w**3 - w**2 + w + 1. What is the units digit of r(-1)?
6
Let i be (-171)/(-12) + 1/(-4). Suppose -i = r - 4*u + 1, -3*r - 2*u = -25. Suppose 4*x - r*c - 9 = 0, -4*c - 2 = x - c. What is the units digit of x?
1
Let q(p) = -p + 9. Let i be q(7). Suppose i*l - 7 = -17, -2*a = 5*l + 33. Let s = a - -6. What is the units digit of s?
2
Suppose -d + 18 + 58 = 0. What is the units digit of d?
6
Let t(l) = -l + 7. Let f be t(6). Let v be (6/(-5))/(f/15). Let x = v - -26. What is the units digit of x?
8
Let x(j) = j**3 - j + 16. Let i be x(0). What is the units digit of (i/(-24))/(2/(-69))?
3
Suppose -g = -2*t - 0*t - 12, -3*t + 2*g - 20 = 0. Let a(c) = -11*c - 5. What is the units digit of a(t)?
9
Suppose 2*w - 3*w + 37 = 0. What is the tens digit of w?
3
Suppose 2*q - 29 = q. Suppose n = -2*n + 4*v + q, 0 = -4*n - v + 7. What is the units digit of n?
3
Let w be (-1 + 7)*20/6. Suppose 5*i - 45 = -w. Suppose 5*b - b + 2*j - 42 = 0, -4*b + i*j + 7 = 0. What is the units digit of b?
8
Let s(w) = w**3 + 13*w**2 + 12*w + 9. What is the units digit of s(-12)?
9
Let z(d) = -d + 2. Let k be z(-4). Let q(j) = j**3 - 6*j**2 + 2*j + 4. What is the units digit of q(k)?
6
Suppose -102 = 2*n - 2*t, -2*n + 0*t - 117 = 3*t. What is the units digit of (-174)/n + (-4)/18?
3
Let t = 14 - 10. Let y be -2 - (-17 + (3 - t)). What is the units digit of y/(2*(-1)/(-2))?
6
Let c(s) = 4*s. Let k be -5 + (2 - 0/(-1)). Let g(l) = -4*l. Let a(o) = k*g(o) - 4*c(o). What is the units digit of a(-1)?
4
Let y = 86 - 3. What is the units digit of y?
3
Suppose -4*u + 82 = -114. What is the units digit of u?
9
Let r(g) = -g**2 + 4*g + 7. Let b be r(5). Suppose 5*x = 5*f - 100, 3*x + 4*f + 65 = -b. What is the units digit of x/(-15) - (-8)/(-20)?
1
Let w(h) = 2*h**2 - h + 0*h**2 - 4 - 4*h**2 + 2*h - h**3. W